80*p. List the prime factors of u(39).
2, 13
Let f(j) = 18*j**2 - 38*j - 675. List the prime factors of f(-24).
3, 5, 7, 101
Let a(o) = 895*o + 379. Let w be a(-5). Let i = w - -5794. List the prime factors of i.
2, 3, 283
Suppose -8*y - 15 = -13*y. Suppose 2*d - 4*k - 26 = -138, 164 = -y*d + 4*k. List the prime factors of d/(-12) + (-4)/12.
2
Let l = -1618 - -1814. What are the prime factors of l?
2, 7
Suppose 0 = -7*t + 8439 + 12967. Let j = -1731 + t. List the prime factors of j.
1327
Let m(u) = -5*u**3 + 59*u**2 - 11*u - 9. List the prime factors of m(9).
2, 3, 19
Let u(i) = -120*i + 223. Let d be u(-19). Suppose -3*p + 2511 = -3*j, 6*j - 11*j = 3*p - d. What are the prime factors of p?
2, 11, 19
Let a = -1603 + 1073. Let t = a - -1038. List the prime factors of t.
2, 127
Suppose 9*m - 343 = -91. Suppose -29*z - 2*d = -m*z - 471, 0 = 2*d + 6. List the prime factors of z.
3, 53
Let r(a) be the first derivative of a**4/4 - 5*a**3/3 - 6*a**2 + 53*a - 60. List the prime factors of r(7).
67
Let a(o) = -11*o - 4. Suppose -2*l - 42 = -4*l. Let b be -7 + (-2)/2 + (23 - l). List the prime factors of a(b).
2, 31
Suppose 7*v = 10*v - 15. Suppose v*h - 4*f = 2488, -4*h - f - 4*f = -2015. Suppose -5*w = -q - h, -36 - 53 = -w - 2*q. What are the prime factors of w?
3, 11
Suppose 0*x = 2*d - 2*x - 2, -5*d - x + 11 = 0. Suppose -3*o + 4*o = 2*m + 429, 0 = 4*o - d*m - 1704. What are the prime factors of o?
5, 17
Let g(b) = -b + 2. Let a be g(-2). Suppose z + y - 157 - 3 = 0, 2*z + a*y - 328 = 0. Suppose 16*q - 10*q = z. List the prime factors of q.
2, 13
Let d(m) = 11*m**2 - 4*m - 23. Let h be d(-4). Suppose -s + h = -84. What are the prime factors of s?
11, 23
Suppose 4*t + 248 = 4*f, -f = -0*f - 4*t - 71. List the prime factors of ((-1357)/f)/(-2 + (-5)/(-3)).
3, 23
What are the prime factors of ((-1183)/52)/((-4)/336) - -9?
2, 3, 5
Suppose n + 2*b = 2, -b = -4*n + b - 32. Let w(k) be the third derivative of -5*k**4/3 + k**3/6 + 57*k**2. List the prime factors of w(n).
241
Suppose 114*f = 109*f - 4*j + 59214, -f - j + 11842 = 0. List the prime factors of f.
2, 5923
Let k = -3037 - -18566. What are the prime factors of k?
53, 293
Let n be -1 - (-4 + 1)/(-3). Let p(t) = -8*t + 39. Let c be p(-1). Let u = n + c. List the prime factors of u.
3, 5
Let m(b) = b**2 + 30*b + 115. List the prime factors of m(58).
17, 307
Let l = 5 + 4. List the prime factors of 1*1356/2 - (4 - l).
683
Let c(q) = -2*q**3 - 239*q**2 - 306*q + 329. List the prime factors of c(-121).
2, 40639
Let h be (-2)/((-9)/(945/10)). Let i(j) = 2*j + h*j + 13*j - 53. What are the prime factors of i(5)?
127
Suppose 123 = 6*y - 63. Let f = -35 + y. What are the prime factors of f/10 + (-3753)/(-45)?
83
Let p be (39/6 - -2) + 3/(-6). Let x be -370*((-12)/p)/3. Suppose -i + x = 40. What are the prime factors of i?
5, 29
Let p be -5*(-8 + (-7 - -4)). Let l = -53 + p. What are the prime factors of -2*1 - (-136)/l?
2, 3, 11
Suppose -3*q - 4410 = -5*j, 9*j + 3528 = 13*j + 4*q. What are the prime factors of j?
2, 3, 7
Let n be (-3)/4*(4 + 0). Let d(w) be the first derivative of -18*w**2 + 39*w + 52. What are the prime factors of d(n)?
3, 7
Suppose -2*t - 3*c + 21 = 0, -3*t - 3*c = -5*c - 12. Suppose -2*g = -j - 667, t*g - 1665 = g + 2*j. List the prime factors of g.
331
Suppose -2*k + 4*y + 202 = 0, 0*k + 5*y = -3*k + 303. Let v = k - 40. Let s = 133 - v. List the prime factors of s.
2, 3
Suppose -18 = -z - 11, 4*z - 173136 = -4*g. List the prime factors of g.
13, 3329
Let a(y) = y**3 + 7*y**2 - 4*y + 9. Let i be a(-6). Let g(k) = -31 - i*k - 73*k - 65*k + 213*k. List the prime factors of g(15).
59
Let q be (1186 - (4 + -11))/(0 - -1). Suppose 0*d + d = q. What are the prime factors of d?
1193
Suppose -2*m = -2*u - 2272, -m - 4*m = -3*u - 5684. List the prime factors of m.
2, 569
Let t(o) be the second derivative of -11*o**3/3 - 33*o**2/2 - 49*o. List the prime factors of t(-20).
11, 37
Suppose 4*a + 5*c - 73 - 121 = 0, -3*a = -c - 136. List the prime factors of (a*-6)/((-2)/10).
2, 3, 5, 23
Suppose -60*o - 1860 = -64*o. Let f = -191 + o. List the prime factors of f.
2, 137
Let s(q) be the second derivative of 5*q**4/12 - 5*q**2 + 14*q. Let o be s(3). Let k = o + -20. List the prime factors of k.
3, 5
Let k(o) = -8*o**3 - o**2 + 17*o + 24. List the prime factors of k(-8).
2, 5, 7
Let b(z) = 2*z**3 + 12*z**2 + 2*z + 7. Let c be b(-5). What are the prime factors of 5*c + 9/(11 + -14)?
2, 29
Suppose -5*h + 19 = -l, -5*h = -5*l - 5 - 10. Suppose -5283 = -h*i - 5*i. What are the prime factors of i?
587
Let y = -5260 - -3146. Let i = -951 - y. What are the prime factors of i?
1163
Let g be 4/(-8*6/(-480)). Suppose g*v = 5*v + 12775. What are the prime factors of v?
5, 73
Suppose -3*u + 476 = 4*s, 350 = 5*s - 4*u - 214. Let g(r) = -245 + 111 + s - 31*r. What are the prime factors of g(-6)?
2, 3, 7
Let l(k) = 3*k**3 - 8*k**2 + 2*k - 40. Let x be l(7). Suppose x = 3*i - 3*s + 68, 0 = -4*s - 4. What are the prime factors of i?
2, 3, 5
Suppose 2 + 8 = -5*p, -28 = f + 4*p. What are the prime factors of (-1725)/f - (2 + 11/(-4))?
3, 29
Suppose 78*s = -83*s + 1897707. What are the prime factors of s?
3, 3929
Suppose -4*a = -2*y - 1 + 21, 0 = 4*y + 3*a + 4. Let t(c) = -18*c + 13. Let z(q) = -55*q + 34. Let w(j) = 8*t(j) - 3*z(j). What are the prime factors of w(y)?
2, 11
Suppose -v - y + 1704 = 0, 3*v - 1572 = -2*y + 3540. Let t = v + -786. Suppose 0 = -q - 5*x + x + 198, 5*q - 4*x = t. What are the prime factors of q?
2, 3, 31
Suppose -4*h + 14454 = -3*l, -2*h + 86*l + 7224 = 85*l. What are the prime factors of h?
3, 401
Suppose 36070 = 5*h - 3*d - 32596, -2*d = 4*h - 54946. List the prime factors of h.
5, 41, 67
Let a = -26929 - -46430. List the prime factors of a.
19501
List the prime factors of ((-5079)/(-12))/(-20*9/(-2880)).
2, 1693
Suppose 2*o - o = 5*j + 100, -4*o + j = -495. Let y = o + 263. What are the prime factors of y?
2, 97
Suppose 4*d = -y + 68370, -2*d - 1362*y + 1367*y = -34152. List the prime factors of d.
3, 211
Let k be ((-58)/(-4) - 0)/((-2)/(-4)). Suppose -k - 27 = -7*p. What are the prime factors of (4 - p - 12 - -4)*-6?
2, 3
Let p(i) = i**2 - 13*i - 33. Let u be p(-3). Suppose q = u*m - 13*m + 525, 3*m - 15 = 0. What are the prime factors of q?
5, 107
Suppose -2*q = 5*l - 73 - 4, 4*l - 82 = -2*q. Suppose q*s - 42*s = 2898. What are the prime factors of s?
2, 7, 23
Suppose 2*n + 7726 = -t + 86618, 3*n + 5*t = 118331. List the prime factors of (-3)/6 - n/(-54).
2, 5, 73
Let q = -29871 - -31237. What are the prime factors of q?
2, 683
Suppose 0 = -4*a - 27*a + 7*a + 173736. List the prime factors of a.
3, 19, 127
Suppose g + f + f = -18, -g + 5*f - 4 = 0. Let u = g - -107. List the prime factors of 9*(u/9 - (-2 + 0)).
3, 37
Let o(s) = -5*s + 11. Let q = 15 + -15. Let u be 4*(-1 + (q - (-9)/(-12))). What are the prime factors of o(u)?
2, 23
Let m = -20603 - -29689. List the prime factors of m.
2, 7, 11, 59
Let l = -198 + 198. Suppose 6*f - 975 - 21 = l. List the prime factors of f.
2, 83
Let w = 28 + -16. Let s(k) = -11*k + 1. Let n(o) = 34*o + 37. Let g(a) = n(a) + 3*s(a). List the prime factors of g(w).
2, 13
Let b be (-171)/(-18) + 2/4. Suppose 5*a = b*a - 10. List the prime factors of 5/a*(-356)/(-10).
89
Suppose 9*f + 83 = 137. Suppose f*x - 715 = 2519. List the prime factors of x.
7, 11
Let j(l) = -12*l**3 - l**2 - l + 4. Let p be j(-3). Let x be (-778)/(-7) - (-270)/315. Let q = p - x. What are the prime factors of q?
2, 3, 5, 7
Suppose -4*f + 3*y - 438 = 0, 0 = f - 6*y + y + 118. Let d = f - -172. List the prime factors of d.
2
Let j = -464 - -1712. Suppose 16*b - 19*b = j. Let r = b + 585. What are the prime factors of r?
13
Suppose -4 = 3*n + 2. Let h be (158*1)/(n/(-2)). Suppose 4*o = 2*x - h, -2*x + 2*o + 89 = -69. List the prime factors of x.
79
Let l(g) = -g**3 - 2*g**2 + 3*g - 2. Let r be l(4). Let w be 4/(-6) + (5 - r/(-6)). What are the prime factors of (-672)/w - (-13)/(-65)?
67
Let u(f) = -77*f**3 - 11*f + 457 + 10*f - 2*f**2 + 78*f**3 + 3*f**2. List the prime factors of u(0).
457
Suppose 0 = 6*w - 2556 - 2700. Let u = 1825 - w. What are the prime factors of u?
13, 73
Let k = -3919 + 4366. Let g(c) = -6*c**3 + 4*c**2 + 3. Let v be g(4). Let r = k + v. What are the prime fac